{"id":7019,"date":"2023-10-06T04:13:39","date_gmt":"2023-10-06T04:13:39","guid":{"rendered":"https:\/\/miniture.novaworks.net\/?page_id=15"},"modified":"2025-06-28T18:00:13","modified_gmt":"2025-06-28T18:00:13","slug":"about-us","status":"publish","type":"page","link":"https:\/\/teyzee.com\/?page_id=7019","title":{"rendered":"About Us"},"content":{"rendered":"\t\t<div data-elementor-type=\"wp-page\" data-elementor-id=\"7019\" class=\"elementor elementor-7019\">\n\t\t\t\t<div class=\"elementor-element elementor-element-40ec82a e-flex e-con-boxed kitify-col-width-auto-no ignore-docs-style-no kitify-disable-relative-no e-root-container elementor-top-section e-con e-parent\" data-id=\"40ec82a\" data-element_type=\"container\">\n\t\t\t\t\t<div class=\"e-con-inner\">\n\t\t\t\t<div class=\"elementor-element elementor-element-eb8bd4d elementor-widget__width-initial elementor-invisible kitify-has-entrance-animation elementor-widget elementor-widget-heading\" data-id=\"eb8bd4d\" data-element_type=\"widget\" data-settings=\"{&quot;_animation&quot;:&quot;kitifyShortFadeInUp&quot;}\" data-widget_type=\"heading.default\">\n\t\t\t\t<div class=\"elementor-widget-container\">\n\t\t\t\t\t<h2 class=\"elementor-heading-title elementor-size-default\"><p data-start=\"767\" data-end=\"906\">Sanatla, sab\u0131rla ve sevgiyle \u00fcretilmi\u015f el eme\u011fi \u00fcr\u00fcnlerle ruhunuzu besleyin.<\/p><\/h2>\t\t\t\t<\/div>\n\t\t\t\t<\/div>\n\t\t\t\t<div class=\"elementor-element elementor-element-2a75737 elementor-invisible kitify-has-entrance-animation elementor-widget elementor-widget-image\" data-id=\"2a75737\" data-element_type=\"widget\" data-settings=\"{&quot;_animation&quot;:&quot;kitifyShortFadeInUp&quot;}\" data-widget_type=\"image.default\">\n\t\t\t\t<div class=\"elementor-widget-container\">\n\t\t\t\t\t\t\t\t\t\t\t\t\t\t\t<img fetchpriority=\"high\" decoding=\"async\" width=\"2000\" height=\"1214\" src=\"https:\/\/teyzee.com\/wp-content\/uploads\/2025\/06\/Yesil-Modern-Yatay-Menu-.png\" class=\"attachment-full size-full wp-image-8128\" alt=\"\" srcset=\"https:\/\/teyzee.com\/wp-content\/uploads\/2025\/06\/Yesil-Modern-Yatay-Menu-.png 2000w, https:\/\/teyzee.com\/wp-content\/uploads\/2025\/06\/Yesil-Modern-Yatay-Menu--300x182.png 300w, https:\/\/teyzee.com\/wp-content\/uploads\/2025\/06\/Yesil-Modern-Yatay-Menu--1024x622.png 1024w, https:\/\/teyzee.com\/wp-content\/uploads\/2025\/06\/Yesil-Modern-Yatay-Menu--768x466.png 768w, https:\/\/teyzee.com\/wp-content\/uploads\/2025\/06\/Yesil-Modern-Yatay-Menu--1536x932.png 1536w, https:\/\/teyzee.com\/wp-content\/uploads\/2025\/06\/Yesil-Modern-Yatay-Menu--1320x801.png 1320w, https:\/\/teyzee.com\/wp-content\/uploads\/2025\/06\/Yesil-Modern-Yatay-Menu--1000x607.png 1000w\" sizes=\"(max-width: 2000px) 100vw, 2000px\" \/>\t\t\t\t\t\t\t\t\t\t\t\t\t\t\t<\/div>\n\t\t\t\t<\/div>\n\t\t\t\t\t<\/div>\n\t\t\t\t<\/div>\n\t\t<div class=\"elementor-element elementor-element-9b6030b e-flex e-con-boxed kitify-col-width-auto-no ignore-docs-style-no kitify-disable-relative-no elementor-invisible e-root-container elementor-top-section kitify-has-entrance-animation e-con e-parent\" data-id=\"9b6030b\" data-element_type=\"container\" data-settings=\"{&quot;animation&quot;:&quot;kitifyShortFadeInUp&quot;}\">\n\t\t\t\t\t<div class=\"e-con-inner\">\n\t\t<div class=\"elementor-element elementor-element-d5f6798 e-con-full e-flex kitify-col-width-auto-no ignore-docs-style-no kitify-disable-relative-no e-con e-child\" data-id=\"d5f6798\" data-element_type=\"container\">\n\t\t\t\t<div class=\"elementor-element elementor-element-cd586e7 elementor-widget elementor-widget-heading\" data-id=\"cd586e7\" data-element_type=\"widget\" data-widget_type=\"heading.default\">\n\t\t\t\t<div class=\"elementor-widget-container\">\n\t\t\t\t\t<h3 class=\"elementor-heading-title elementor-size-default\">Biz kimiz?<\/h3>\t\t\t\t<\/div>\n\t\t\t\t<\/div>\n\t\t\t\t<\/div>\n\t\t<div class=\"elementor-element elementor-element-25d51ad e-con-full e-flex kitify-col-width-auto-no ignore-docs-style-no kitify-disable-relative-no e-con e-child\" data-id=\"25d51ad\" data-element_type=\"container\">\n\t\t\t\t<div class=\"elementor-element elementor-element-d03a395 elementor-widget elementor-widget-heading\" data-id=\"d03a395\" data-element_type=\"widget\" data-widget_type=\"heading.default\">\n\t\t\t\t<div class=\"elementor-widget-container\">\n\t\t\t\t\t<p class=\"elementor-heading-title elementor-size-default\">Teyzee, Mart 2025\u2019te, kad\u0131nlar\u0131n el eme\u011fiyle \u00fcrettikleri eserleri hak ettikleri de\u011fere ula\u015ft\u0131rmak ve bu de\u011ferli \u00e7al\u0131\u015fmalar\u0131n modern \u00e7a\u011fa uygun \u015fekilde sunulmas\u0131n\u0131 sa\u011flamak amac\u0131yla kuruldu. Gelenekten gelece\u011fe uzanan bir k\u00f6pr\u00fc olma hedefiyle, yetenekli ve cesur kad\u0131nlar\u0131n i\u015f g\u00fcc\u00fcne kat\u0131l\u0131m\u0131n\u0131 destekliyor ve evlerinde \u00fcrettikleri \u00fcr\u00fcnleri hem yerel hem de uluslararas\u0131 platformlara ta\u015f\u0131yoruz. Her \u00fcr\u00fcn\u00fcm\u00fczde, eme\u011fin zarafeti ve kad\u0131n dayan\u0131\u015fmas\u0131n\u0131n g\u00fcc\u00fc sakl\u0131. Teyzee, yaln\u0131zca bir marka de\u011fil; kad\u0131nlar\u0131n hayatlar\u0131na dokunan ve onlar\u0131n hikayelerine ortak olan bir topluluktur.<\/p>\t\t\t\t<\/div>\n\t\t\t\t<\/div>\n\t\t\t\t<\/div>\n\t\t\t\t\t<\/div>\n\t\t\t\t<\/div>\n\t\t<div class=\"elementor-element elementor-element-9a7f359 elementor-hidden-desktop elementor-hidden-laptop elementor-hidden-tablet_extra elementor-hidden-tablet elementor-hidden-mobile_extra elementor-hidden-mobile e-flex e-con-boxed kitify-col-width-auto-no ignore-docs-style-no kitify-disable-relative-no e-root-container elementor-top-section e-con e-parent\" data-id=\"9a7f359\" data-element_type=\"container\">\n\t\t\t\t\t<div class=\"e-con-inner\">\n\t\t<div class=\"elementor-element elementor-element-52113a5 e-con-full e-flex kitify-col-width-auto-no ignore-docs-style-no kitify-disable-relative-no elementor-invisible kitify-has-entrance-animation e-con e-child\" data-id=\"52113a5\" data-element_type=\"container\" data-settings=\"{&quot;animation&quot;:&quot;kitifyShortFadeInUp&quot;}\">\n\t\t\t\t<div class=\"elementor-element elementor-element-5fbb239 elementor-widget elementor-widget-counter\" data-id=\"5fbb239\" data-element_type=\"widget\" data-widget_type=\"counter.default\">\n\t\t\t\t<div class=\"elementor-widget-container\">\n\t\t\t\t\t\t\t<div class=\"elementor-counter\">\n\t\t\t<div class=\"elementor-counter-title\">Premium products<\/div>\t\t\t<div class=\"elementor-counter-number-wrapper\">\n\t\t\t\t<span class=\"elementor-counter-number-prefix\"><\/span>\n\t\t\t\t<span class=\"elementor-counter-number\" data-duration=\"2000\" data-to-value=\"450\" data-from-value=\"0\" data-delimiter=\",\">0<\/span>\n\t\t\t\t<span class=\"elementor-counter-number-suffix\">+<\/span>\n\t\t\t<\/div>\n\t\t<\/div>\n\t\t\t\t\t\t<\/div>\n\t\t\t\t<\/div>\n\t\t\t\t<\/div>\n\t\t<div class=\"elementor-element elementor-element-b0e27af e-con-full e-flex kitify-col-width-auto-no ignore-docs-style-no kitify-disable-relative-no elementor-invisible kitify-has-entrance-animation e-con e-child\" data-id=\"b0e27af\" data-element_type=\"container\" data-settings=\"{&quot;animation&quot;:&quot;kitifyShortFadeInUp&quot;,&quot;animation_delay&quot;:400}\">\n\t\t\t\t<div class=\"elementor-element elementor-element-1bab4be elementor-widget elementor-widget-counter\" data-id=\"1bab4be\" data-element_type=\"widget\" data-widget_type=\"counter.default\">\n\t\t\t\t<div class=\"elementor-widget-container\">\n\t\t\t\t\t\t\t<div class=\"elementor-counter\">\n\t\t\t<div class=\"elementor-counter-title\">Years experiences<\/div>\t\t\t<div class=\"elementor-counter-number-wrapper\">\n\t\t\t\t<span class=\"elementor-counter-number-prefix\"><\/span>\n\t\t\t\t<span class=\"elementor-counter-number\" data-duration=\"2000\" data-to-value=\"25\" data-from-value=\"0\" data-delimiter=\",\">0<\/span>\n\t\t\t\t<span class=\"elementor-counter-number-suffix\">+<\/span>\n\t\t\t<\/div>\n\t\t<\/div>\n\t\t\t\t\t\t<\/div>\n\t\t\t\t<\/div>\n\t\t\t\t<\/div>\n\t\t<div class=\"elementor-element elementor-element-92ed50e e-con-full e-flex kitify-col-width-auto-no ignore-docs-style-no kitify-disable-relative-no elementor-invisible kitify-has-entrance-animation e-con e-child\" data-id=\"92ed50e\" data-element_type=\"container\" data-settings=\"{&quot;animation&quot;:&quot;kitifyShortFadeInUp&quot;,&quot;animation_delay&quot;:500}\">\n\t\t\t\t<div class=\"elementor-element elementor-element-29e5f94 elementor-widget elementor-widget-counter\" data-id=\"29e5f94\" data-element_type=\"widget\" data-widget_type=\"counter.default\">\n\t\t\t\t<div class=\"elementor-widget-container\">\n\t\t\t\t\t\t\t<div class=\"elementor-counter\">\n\t\t\t<div class=\"elementor-counter-title\">Happy customers<\/div>\t\t\t<div class=\"elementor-counter-number-wrapper\">\n\t\t\t\t<span class=\"elementor-counter-number-prefix\"><\/span>\n\t\t\t\t<span class=\"elementor-counter-number\" data-duration=\"2000\" data-to-value=\"3600\" data-from-value=\"0\" data-delimiter=\",\">0<\/span>\n\t\t\t\t<span class=\"elementor-counter-number-suffix\">+<\/span>\n\t\t\t<\/div>\n\t\t<\/div>\n\t\t\t\t\t\t<\/div>\n\t\t\t\t<\/div>\n\t\t\t\t<\/div>\n\t\t<div class=\"elementor-element elementor-element-f115eda e-con-full e-flex kitify-col-width-auto-no ignore-docs-style-no kitify-disable-relative-no elementor-invisible kitify-has-entrance-animation e-con e-child\" data-id=\"f115eda\" data-element_type=\"container\" data-settings=\"{&quot;animation&quot;:&quot;kitifyShortFadeInUp&quot;,&quot;animation_delay&quot;:600}\">\n\t\t\t\t<div class=\"elementor-element elementor-element-4aeeb82 elementor-widget elementor-widget-counter\" data-id=\"4aeeb82\" data-element_type=\"widget\" data-widget_type=\"counter.default\">\n\t\t\t\t<div class=\"elementor-widget-container\">\n\t\t\t\t\t\t\t<div class=\"elementor-counter\">\n\t\t\t<div class=\"elementor-counter-title\">Award gained<\/div>\t\t\t<div class=\"elementor-counter-number-wrapper\">\n\t\t\t\t<span class=\"elementor-counter-number-prefix\"><\/span>\n\t\t\t\t<span class=\"elementor-counter-number\" data-duration=\"2000\" data-to-value=\"29\" data-from-value=\"0\" data-delimiter=\",\">0<\/span>\n\t\t\t\t<span class=\"elementor-counter-number-suffix\">+<\/span>\n\t\t\t<\/div>\n\t\t<\/div>\n\t\t\t\t\t\t<\/div>\n\t\t\t\t<\/div>\n\t\t\t\t<\/div>\n\t\t\t\t\t<\/div>\n\t\t\t\t<\/div>\n\t\t<div class=\"elementor-element elementor-element-f428089 elementor-hidden-desktop elementor-hidden-laptop elementor-hidden-tablet_extra elementor-hidden-tablet elementor-hidden-mobile_extra elementor-hidden-mobile e-flex e-con-boxed kitify-col-width-auto-no ignore-docs-style-no kitify-disable-relative-no elementor-invisible e-root-container elementor-top-section kitify-has-entrance-animation e-con e-parent\" data-id=\"f428089\" data-element_type=\"container\" data-settings=\"{&quot;animation&quot;:&quot;kitifyShortFadeInUp&quot;}\">\n\t\t\t\t\t<div class=\"e-con-inner\">\n\t\t\t\t<div class=\"elementor-element elementor-element-a6432ed elementor-widget elementor-widget-heading\" data-id=\"a6432ed\" data-element_type=\"widget\" data-widget_type=\"heading.default\">\n\t\t\t\t<div class=\"elementor-widget-container\">\n\t\t\t\t\t<h2 class=\"elementor-heading-title elementor-size-default\">Our Team<\/h2>\t\t\t\t<\/div>\n\t\t\t\t<\/div>\n\t\t\t\t<div class=\"elementor-element elementor-element-fc7f10c custom-carousel-preset-default kitify-carousel-item-effect-slide kitify-arrow--showonhover-no kitify-dots--vertical-no elementor-widget kitify elementor-kitify-team-member\" data-id=\"fc7f10c\" data-element_type=\"widget\" data-widget_type=\"kitify-team-member.default\">\n\t\t\t\t<div class=\"elementor-widget-container\">\n\t\t\t\t\t\n<div id=\"tm_fc7f10c\" class=\"kitify-team-member layout-type-grid preset-pop-card kitify-carousel\" data-slider_options=\"{&quot;slidesToScroll&quot;:{&quot;desktop&quot;:&quot;1&quot;,&quot;laptop&quot;:&quot;1&quot;,&quot;tablet&quot;:&quot;1&quot;,&quot;mobile_extra&quot;:&quot;1&quot;},&quot;rows&quot;:{&quot;desktop&quot;:&quot;1&quot;,&quot;laptop&quot;:&quot;1&quot;,&quot;tablet&quot;:&quot;1&quot;,&quot;mobile_extra&quot;:&quot;1&quot;},&quot;autoplaySpeed&quot;:5000,&quot;autoplay&quot;:false,&quot;infinite&quot;:false,&quot;centerMode&quot;:false,&quot;pauseOnHover&quot;:false,&quot;pauseOnInteraction&quot;:false,&quot;reverseDirection&quot;:false,&quot;infiniteEffect&quot;:false,&quot;speed&quot;:500,&quot;arrows&quot;:false,&quot;dots&quot;:false,&quot;variableWidth&quot;:false,&quot;prevArrow&quot;:&quot;.kitify-carousel__prev-arrow-fc7f10c&quot;,&quot;nextArrow&quot;:&quot;.kitify-carousel__next-arrow-fc7f10c&quot;,&quot;dotsElm&quot;:&quot;.kitify-carousel__dots_fc7f10c&quot;,&quot;rtl&quot;:false,&quot;effect&quot;:&quot;slide&quot;,&quot;coverflowEffect&quot;:{&quot;rotate&quot;:null,&quot;stretch&quot;:null,&quot;depth&quot;:null,&quot;modifier&quot;:null,&quot;slideShadows&quot;:null},&quot;dotType&quot;:&quot;bullets&quot;,&quot;direction&quot;:&quot;horizontal&quot;,&quot;uniqueID&quot;:&quot;kitify_carousel_fc7f10c&quot;,&quot;asFor&quot;:&quot;&quot;,&quot;autoHeight&quot;:false,&quot;slidesToShow&quot;:{&quot;desktop&quot;:&quot;4&quot;,&quot;mobile&quot;:&quot;1&quot;,&quot;mobile_extra&quot;:&quot;2&quot;,&quot;tablet&quot;:&quot;3&quot;,&quot;laptop&quot;:&quot;4&quot;}}\" dir=\"ltr\">\n    <div class=\"kitify-carousel-inner\">    <div class=\"kitify-team-member__list_wrapper swiper-container\">\n        <div class=\"kitify-team-member__list swiper-wrapper\" data-item_selector=\".kitify-team-member__item\" id=\"kitify_carousel_fc7f10c\">\n                                <div class=\"kitify-team-member__item swiper-slide\">\n                        <div class=\"kitify-team-member__inner-box\">\n                            <div class=\"kitify-team-member__inner\">\n                                <div class=\"kitify-team-member__image_wrap\">\n                                    <div class=\"kitify-team-member__link\"><figure class=\"figure__object_fit kitify-team-member__image\"><img decoding=\"async\" width=\"610\" height=\"700\" src=\"https:\/\/teyzee.com\/wp-content\/uploads\/2025\/05\/ab_team_01.jpg\" class=\"kitify-team-member__image-instance wp-post-image attachment-full size-full wp-image-7021\" alt=\"\" \/><\/figure><\/div>                                <\/div>\n                                <div class=\"kitify-team-member__content\">\n                                        <h4 class=\"kitify-team-member__name\"><a >Anthony Martinez<\/a><\/h4><div class=\"kitify-team-member__position\"><span>Co Founder<\/span><\/div>                                <\/div>\n                            <\/div>\n                        <\/div>\n                    <\/div>\n                                        <div class=\"kitify-team-member__item swiper-slide\">\n                        <div class=\"kitify-team-member__inner-box\">\n                            <div class=\"kitify-team-member__inner\">\n                                <div class=\"kitify-team-member__image_wrap\">\n                                    <div class=\"kitify-team-member__link\"><figure class=\"figure__object_fit kitify-team-member__image\"><img decoding=\"async\" width=\"610\" height=\"700\" src=\"https:\/\/teyzee.com\/wp-content\/uploads\/2025\/05\/ab_team_02.jpg\" class=\"kitify-team-member__image-instance wp-post-image attachment-full size-full wp-image-7022\" alt=\"\" \/><\/figure><\/div>                                <\/div>\n                                <div class=\"kitify-team-member__content\">\n                                        <h4 class=\"kitify-team-member__name\"><a >Elizabeth Johnson<\/a><\/h4><div class=\"kitify-team-member__position\"><span>Creative Director<\/span><\/div>                                <\/div>\n                            <\/div>\n                        <\/div>\n                    <\/div>\n                                        <div class=\"kitify-team-member__item swiper-slide\">\n                        <div class=\"kitify-team-member__inner-box\">\n                            <div class=\"kitify-team-member__inner\">\n                                <div class=\"kitify-team-member__image_wrap\">\n                                    <div class=\"kitify-team-member__link\"><figure class=\"figure__object_fit kitify-team-member__image\"><img loading=\"lazy\" decoding=\"async\" width=\"610\" height=\"700\" src=\"https:\/\/teyzee.com\/wp-content\/uploads\/2025\/05\/ab_team_03.jpg\" class=\"kitify-team-member__image-instance wp-post-image attachment-full size-full wp-image-7023\" alt=\"\" \/><\/figure><\/div>                                <\/div>\n                                <div class=\"kitify-team-member__content\">\n                                        <h4 class=\"kitify-team-member__name\"><a >Andrew Harris<\/a><\/h4><div class=\"kitify-team-member__position\"><span>Developer<\/span><\/div>                                <\/div>\n                            <\/div>\n                        <\/div>\n                    <\/div>\n                                        <div class=\"kitify-team-member__item swiper-slide\">\n                        <div class=\"kitify-team-member__inner-box\">\n                            <div class=\"kitify-team-member__inner\">\n                                <div class=\"kitify-team-member__image_wrap\">\n                                    <div class=\"kitify-team-member__link\"><figure class=\"figure__object_fit kitify-team-member__image\"><img loading=\"lazy\" decoding=\"async\" width=\"305\" height=\"350\" src=\"https:\/\/teyzee.com\/wp-content\/uploads\/2025\/05\/ab_team_04.jpg\" class=\"kitify-team-member__image-instance wp-post-image attachment-full size-full wp-image-7024\" alt=\"\" \/><\/figure><\/div>                                <\/div>\n                                <div class=\"kitify-team-member__content\">\n                                        <h4 class=\"kitify-team-member__name\"><a >Claire Thompson<\/a><\/h4><div class=\"kitify-team-member__position\"><span>Designer<\/span><\/div>                                <\/div>\n                            <\/div>\n                        <\/div>\n                    <\/div>\n                            <\/div>\n    <\/div>\n    <\/div><\/div>\n\t\t\t\t<\/div>\n\t\t\t\t<\/div>\n\t\t\t\t\t<\/div>\n\t\t\t\t<\/div>\n\t\t<div class=\"elementor-element elementor-element-a022b14 e-flex e-con-boxed kitify-col-width-auto-no ignore-docs-style-no kitify-disable-relative-no e-root-container elementor-top-section e-con e-parent\" data-id=\"a022b14\" data-element_type=\"container\">\n\t\t\t\t\t<div class=\"e-con-inner\">\n\t\t\t\t<div class=\"elementor-element elementor-element-91551b5 elementor-widget elementor-widget-image\" data-id=\"91551b5\" data-element_type=\"widget\" data-widget_type=\"image.default\">\n\t\t\t\t<div class=\"elementor-widget-container\">\n\t\t\t\t\t\t\t\t\t\t\t\t\t\t\t<img loading=\"lazy\" decoding=\"async\" width=\"1024\" height=\"808\" src=\"https:\/\/teyzee.com\/wp-content\/uploads\/2025\/06\/Gemini_Generated_Image_d3xby7d3xby7d3xb.png\" class=\"attachment-large size-large wp-image-8252\" alt=\"\" srcset=\"https:\/\/teyzee.com\/wp-content\/uploads\/2025\/06\/Gemini_Generated_Image_d3xby7d3xby7d3xb.png 1024w, https:\/\/teyzee.com\/wp-content\/uploads\/2025\/06\/Gemini_Generated_Image_d3xby7d3xby7d3xb-300x237.png 300w, https:\/\/teyzee.com\/wp-content\/uploads\/2025\/06\/Gemini_Generated_Image_d3xby7d3xby7d3xb-768x606.png 768w, https:\/\/teyzee.com\/wp-content\/uploads\/2025\/06\/Gemini_Generated_Image_d3xby7d3xby7d3xb-1000x789.png 1000w\" sizes=\"(max-width: 1024px) 100vw, 1024px\" \/>\t\t\t\t\t\t\t\t\t\t\t\t\t\t\t<\/div>\n\t\t\t\t<\/div>\n\t\t\t\t\t<\/div>\n\t\t\t\t<\/div>\n\t\t<div class=\"elementor-element elementor-element-fb6d14d e-flex e-con-boxed kitify-col-width-auto-no ignore-docs-style-no kitify-disable-relative-no e-root-container elementor-top-section e-con e-parent\" data-id=\"fb6d14d\" data-element_type=\"container\">\n\t\t\t\t\t<div class=\"e-con-inner\">\n\t\t<div class=\"elementor-element elementor-element-61f762a e-con-full e-flex kitify-col-width-auto-no ignore-docs-style-no kitify-disable-relative-no e-con e-child\" data-id=\"61f762a\" data-element_type=\"container\">\n\t\t\t\t<\/div>\n\t\t\t\t\t<\/div>\n\t\t\t\t<\/div>\n\t\t\t\t<\/div>\n\t\t","protected":false},"excerpt":{"rendered":"<p>Sanatla, sab\u0131rla ve sevgiyle \u00fcretilmi\u015f el eme\u011fi \u00fcr\u00fcnlerle ruhunuzu besleyin. Biz kimiz? Teyzee, Mart 2025\u2019te, kad\u0131nlar\u0131n el eme\u011fiyle \u00fcrettikleri eserleri hak ettikleri de\u011fere ula\u015ft\u0131rmak ve bu de\u011ferli \u00e7al\u0131\u015fmalar\u0131n modern \u00e7a\u011fa uygun \u015fekilde sunulmas\u0131n\u0131 sa\u011flamak amac\u0131yla kuruldu. Gelenekten gelece\u011fe uzanan bir k\u00f6pr\u00fc olma hedefiyle, yetenekli ve cesur kad\u0131nlar\u0131n i\u015f g\u00fcc\u00fcne kat\u0131l\u0131m\u0131n\u0131 destekliyor ve evlerinde \u00fcrettikleri \u00fcr\u00fcnleri hem yerel hem de uluslararas\u0131\u2026<\/p>\n","protected":false},"author":1,"featured_media":0,"parent":0,"menu_order":0,"comment_status":"closed","ping_status":"closed","template":"","meta":{"footnotes":""},"class_list":["post-7019","page","type-page","status-publish","hentry"],"jetpack_sharing_enabled":true,"_links":{"self":[{"href":"https:\/\/teyzee.com\/index.php?rest_route=\/wp\/v2\/pages\/7019","targetHints":{"allow":["GET"]}}],"collection":[{"href":"https:\/\/teyzee.com\/index.php?rest_route=\/wp\/v2\/pages"}],"about":[{"href":"https:\/\/teyzee.com\/index.php?rest_route=\/wp\/v2\/types\/page"}],"author":[{"embeddable":true,"href":"https:\/\/teyzee.com\/index.php?rest_route=\/wp\/v2\/users\/1"}],"replies":[{"embeddable":true,"href":"https:\/\/teyzee.com\/index.php?rest_route=%2Fwp%2Fv2%2Fcomments&post=7019"}],"version-history":[{"count":18,"href":"https:\/\/teyzee.com\/index.php?rest_route=\/wp\/v2\/pages\/7019\/revisions"}],"predecessor-version":[{"id":8261,"href":"https:\/\/teyzee.com\/index.php?rest_route=\/wp\/v2\/pages\/7019\/revisions\/8261"}],"wp:attachment":[{"href":"https:\/\/teyzee.com\/index.php?rest_route=%2Fwp%2Fv2%2Fmedia&parent=7019"}],"curies":[{"name":"wp","href":"https:\/\/api.w.org\/{rel}","templated":true}]}}